 the units digit of 1360?
0
What is the units digit of 296?
6
What is the hundreds digit of 48061?
0
What is the tens digit of 329?
2
What is the hundreds digit of 736?
7
What is the hundreds digit of 1490?
4
What is the units digit of 883?
3
What is the units digit of 10380?
0
What is the tens digit of 39612?
1
What is the tens digit of 794?
9
What is the units digit of 25547?
7
What is the tens digit of 234?
3
What is the thousands digit of 1158?
1
What is the thousands digit of 15215?
5
What is the ten thousands digit of 42193?
4
What is the thousands digit of 2094?
2
What is the tens digit of 844?
4
What is the units digit of 7410?
0
What is the ten thousands digit of 47626?
4
What is the thousands digit of 12660?
2
What is the hundreds digit of 1784?
7
What is the hundreds digit of 856?
8
What is the units digit of 2805?
5
What is the thousands digit of 3805?
3
What is the tens digit of 39931?
3
What is the thousands digit of 10845?
0
What is the tens digit of 6431?
3
What is the thousands digit of 13134?
3
What is the hundreds digit of 1170?
1
What is the tens digit of 5252?
5
What is the tens digit of 1257?
5
What is the units digit of 4114?
4
What is the tens digit of 4920?
2
What is the tens digit of 365?
6
What is the units digit of 11?
1
What is the hundreds digit of 3095?
0
What is the units digit of 2204?
4
What is the units digit of 781?
1
What is the hundreds digit of 17171?
1
What is the hundreds digit of 2528?
5
What is the hundred thousands digit of 112033?
1
What is the hundreds digit of 4185?
1
What is the thousands digit of 15574?
5
What is the hundreds digit of 1454?
4
What is the hundreds digit of 2284?
2
What is the tens digit of 779?
7
What is the ten thousands digit of 57914?
5
What is the hundreds digit of 507?
5
What is the thousands digit of 1075?
1
What is the units digit of 3050?
0
What is the hundreds digit of 1185?
1
What is the tens digit of 1195?
9
What is the ten thousands digit of 12312?
1
What is the tens digit of 10513?
1
What is the hundreds digit of 83338?
3
What is the units digit of 5415?
5
What is the units digit of 10490?
0
What is the hundreds digit of 32626?
6
What is the tens digit of 481?
8
What is the tens digit of 21181?
8
What is the units digit of 2164?
4
What is the units digit of 80935?
5
What is the units digit of 164325?
5
What is the hundreds digit of 5297?
2
What is the tens digit of 251?
5
What is the units digit of 537?
7
What is the ten thousands digit of 17602?
1
What is the thousands digit of 29118?
9
What is the thousands digit of 7143?
7
What is the thousands digit of 5264?
5
What is the hundreds digit of 759?
7
What is the tens digit of 2029?
2
What is the hundreds digit of 9631?
6
What is the tens digit of 2384?
8
What is the hundreds digit of 1781?
7
What is the units digit of 1783?
3
What is the hundreds digit of 7554?
5
What is the units digit of 10040?
0
What is the thousands digit of 33826?
3
What is the tens digit of 9702?
0
What is the tens digit of 9738?
3
What is the units digit of 1258?
8
What is the tens digit of 28490?
9
What is the tens digit of 625?
2
What is the thousands digit of 3900?
3
What is the hundreds digit of 650?
6
What is the thousands digit of 1632?
1
What is the thousands digit of 112719?
2
What is the thousands digit of 20338?
0
What is the tens digit of 9277?
7
What is the ten thousands digit of 54285?
5
What is the hundreds digit of 3437?
4
What is the hundreds digit of 449?
4
What is the units digit of 3296?
6
What is the tens digit of 39556?
5
What is the hundreds digit of 2643?
6
What is the ten thousands digit of 17058?
1
What is the tens digit of 8795?
9
What is the tens digit of 2348?
4
What is the units digit of 76829?
9
What is the hundreds digit of 1192?
1
What is the tens digit of 70?
7
What is the tens digit of 7574?
7
What is the tens digit of 2832?
3
What is the thousands digit of 1663?
1
What is the thousands digit of 2906?
2
What is the hundreds digit of 15380?
3
What is the thousands digit of 41108?
1
What is the tens digit of 3091?
9
What is the hundreds digit of 21003?
0
What is the thousands digit of 86820?
6
What is the hundreds digit of 496?
4
What is the tens digit of 10945?
4
What is the units digit of 9994?
4
What is the units digit of 1664?
4
What is the tens digit of 42883?
8
What is the tens digit of 2571?
7
What is the ten thousands digit of 87544?
8
What is the units digit of 1085?
5
What is the ten thousands digit of 10830?
1
What is the units digit of 2228?
8
What is the hundred thousands digit of 102396?
1
What is the hundreds digit of 15002?
0
What is the hundreds digit of 4091?
0
What is the hundreds digit of 978?
9
What is the tens digit of 4531?
3
What is the hundreds digit of 8214?
2
What is the units digit of 6641?
1
What is the thousands digit of 6858?
6
What is the tens digit of 3283?
8
What is the units digit of 8494?
4
What is the tens digit of 13514?
1
What is the ten thousands digit of 37711?
3
What is the tens digit of 1098?
9
What is the thousands digit of 2238?
2
What is the tens digit of 97?
9
What is the thousands digit of 2556?
2
What is the units digit of 10597?
7
What is the ten thousands digit of 12824?
1
What is the thousands digit of 33031?
3
What is the thousands digit of 4955?
4
What is the thousands digit of 4973?
4
What is the hundreds digit of 2496?
4
What is the units digit of 8217?
7
What is the units digit of 194?
4
What is the units digit of 184?
4
What is the tens digit of 84189?
8
What is the thousands digit of 7584?
7
What is the hundreds digit of 358?
3
What is the ten thousands digit of 25700?
2
What is the thousands digit of 154563?
4
What is the ten thousands digit of 20680?
2
What is the units digit of 6277?
7
What is the units digit of 5412?
2
What is the tens digit of 4239?
3
What is the tens digit of 6636?
3
What is the thousands digit of 13356?
3
What is the units digit of 815?
5
What is the hundreds digit of 51172?
1
What is the hundreds digit of 786?
7
What is the tens digit of 905?
0
What is the units digit of 316?
6
What is the tens digit of 58710?
1
What is the tens digit of 45540?
4
What is the hundreds digit of 160?
1
What is the units digit of 168?
8
What is the hundreds digit of 185?
1
What is the hundreds digit of 21229?
2
What is the thousands digit of 2154?
2
What is the thousands digit of 1253?
1
What is the thousands digit of 1452?
1
What is the units digit of 132?
2
What is the tens digit of 1019?
1
What is the hundreds digit of 663?
6
What is the units digit of 72448?
8
What is the thousands digit of 6152?
6
What is the thousands digit of 35065?
5
What is the hundreds digit of 586?
5
What is the thousands digit of 104692?
4
What is the ten thousands digit of 66591?
6
What is the tens digit of 4586?
8
What is the ten thousands digit of 16304?
1
What is the thousands digit of 58403?
8
What is the tens digit of 2616?
1
What is the tens digit of 41009?
0
What is the thousands digit of 1427?
1
What is the thousands digit of 9856?
9
What is the thousands digit of 1183?
1
What is the hundreds digit of 567?
5
What is the tens digit of 1651?
5
What is the tens digit of 12447?
4
What is the thousands digit of 66183?
6
What is the thousands digit of 2374?
2
What is the hundreds digit of 35440?
4
What is the hundreds digit of 392?
3
What is the thousands digit of 5396?
5
What is the tens digit of 24632?
3
What is the units digit of 1725?
5
What is the units digit of 48564?
4
What is the units digit of 1135?
5
What is the units digit of 50293?
3
What is the units digit of 827?
7
What is the units digit of 83?
3
What is the tens digit of 3618?
1
What is the units digit of 968?
8
What is the tens digit of 16759?
5
What is the hundreds digit of 3002?
0
What is the tens digit of 23651?
5
What is the tens digit of 131185?
8
What is the tens digit of 3417?
1
What is the tens digit of 515?
1
What is the units digit of 12994?
4
What is the tens digit of 1940?
4
What is the thousands digit of 23731?
3
What is the hundreds digit of 3527?
5
What is the tens digit of 3840?
4
What is the units digit of 12723?
3
What is the thousands digit of 5433?
5
What is the thousands digit of 24084?
4
What is the thousands digit of 21939?
1
What is the units digit of 7579?
9
What is the hu